 of 1487392?
2, 53, 877
What are the prime factors of 542865?
3, 5, 36191
What are the prime factors of 95920?
2, 5, 11, 109
List the prime factors of 235620.
2, 3, 5, 7, 11, 17
What are the prime factors of 22479414?
2, 3, 883, 4243
What are the prime factors of 7733773?
23, 336251
List the prime factors of 1901231.
1901231
What are the prime factors of 106376?
2, 13297
List the prime factors of 1522181.
29, 52489
What are the prime factors of 1082892?
2, 3, 31, 41, 71
List the prime factors of 611484.
2, 3, 50957
What are the prime factors of 502230?
2, 3, 5, 16741
List the prime factors of 507976.
2, 7, 47, 193
List the prime factors of 78894.
2, 3, 487
What are the prime factors of 6283191?
3, 277, 7561
What are the prime factors of 20944?
2, 7, 11, 17
List the prime factors of 469581.
3, 7, 59, 379
What are the prime factors of 964176?
2, 3, 53, 379
What are the prime factors of 2825534?
2, 1412767
What are the prime factors of 17525?
5, 701
What are the prime factors of 40410?
2, 3, 5, 449
List the prime factors of 272057.
197, 1381
List the prime factors of 867769.
7, 53, 2339
What are the prime factors of 178459?
47, 3797
What are the prime factors of 1593287?
269, 5923
List the prime factors of 4473015.
3, 5, 298201
List the prime factors of 3115184.
2, 113, 1723
What are the prime factors of 1373217?
3, 457739
What are the prime factors of 548644?
2, 19, 7219
List the prime factors of 2797583.
103, 157, 173
What are the prime factors of 2906324?
2, 647, 1123
List the prime factors of 924667.
37, 67, 373
List the prime factors of 615888.
2, 3, 7, 13, 47
List the prime factors of 46145.
5, 11, 839
What are the prime factors of 125670?
2, 3, 5, 59, 71
List the prime factors of 115934.
2, 7, 13
List the prime factors of 581553.
3, 7, 17, 181
What are the prime factors of 919204?
2, 11, 13, 1607
List the prime factors of 2658261.
3, 331, 2677
List the prime factors of 1113391.
269, 4139
List the prime factors of 17780432.
2, 197, 5641
What are the prime factors of 11304483?
3, 739, 5099
List the prime factors of 180920.
2, 5, 4523
What are the prime factors of 1236157?
13, 95089
What are the prime factors of 168925?
5, 29, 233
List the prime factors of 183238.
2, 11, 8329
List the prime factors of 172344.
2, 3, 43, 167
List the prime factors of 194467.
7, 13, 2137
What are the prime factors of 35601790?
2, 5, 7, 67, 7591
What are the prime factors of 4618620?
2, 3, 5, 2851
What are the prime factors of 7166543?
7166543
List the prime factors of 22927.
101, 227
List the prime factors of 5260215.
3, 5, 23, 79, 193
List the prime factors of 836806.
2, 71, 83
List the prime factors of 3062073.
3, 7, 43, 3391
What are the prime factors of 10976652?
2, 3, 304907
List the prime factors of 1390932.
2, 3, 53
List the prime factors of 2494104.
2, 3, 17, 6113
List the prime factors of 571028.
2, 142757
What are the prime factors of 8418292?
2, 19, 257, 431
List the prime factors of 976591.
7, 11, 1153
What are the prime factors of 29646?
2, 3, 61
List the prime factors of 13464841.
13, 83, 12479
List the prime factors of 8973087.
3, 73, 40973
What are the prime factors of 53472?
2, 3, 557
What are the prime factors of 16655087?
17, 359, 2729
List the prime factors of 7794838.
2, 23, 41, 4133
What are the prime factors of 28244429?
17, 1661437
List the prime factors of 285883.
13, 21991
What are the prime factors of 819179?
17, 48187
List the prime factors of 2646303.
3, 11, 80191
What are the prime factors of 17553821?
1489, 11789
What are the prime factors of 1090855?
5, 218171
What are the prime factors of 284453?
13, 21881
List the prime factors of 3343464.
2, 3, 23, 673
List the prime factors of 152720.
2, 5, 23, 83
What are the prime factors of 1435215?
3, 5, 163, 587
What are the prime factors of 12733996?
2, 11, 23, 12583
What are the prime factors of 5852952?
2, 3, 7, 79
List the prime factors of 1396534.
2, 61, 11447
What are the prime factors of 79810?
2, 5, 23, 347
What are the prime factors of 9193?
29, 317
List the prime factors of 1853998.
2, 257, 3607
What are the prime factors of 1647140?
2, 5, 11, 7487
What are the prime factors of 2561164?
2, 29, 22079
What are the prime factors of 267789?
3, 23, 3881
What are the prime factors of 440238?
2, 3, 239, 307
What are the prime factors of 6006439?
6006439
What are the prime factors of 388510?
2, 5, 38851
List the prime factors of 129272.
2, 11, 13, 113
What are the prime factors of 6819352?
2, 197, 4327
What are the prime factors of 4868238?
2, 3, 37, 21929
What are the prime factors of 15262430?
2, 5, 17, 89779
What are the prime factors of 687449?
7, 98207
What are the prime factors of 33348006?
2, 3, 41, 73, 619
List the prime factors of 187218.
2, 3, 3467
What are the prime factors of 8170683?
3, 2723561
List the prime factors of 7705659.
3, 13, 19, 10399
List the prime factors of 983203.
13, 53, 1427
What are the prime factors of 16837947?
3, 7, 241, 1109
List the prime factors of 14423325.
3, 5, 7, 83, 331
What are the prime factors of 521319?
3, 173773
List the prime factors of 112546.
2, 7, 8039
List the prime factors of 3306461.
3306461
List the prime factors of 294146.
2, 147073
What are the prime factors of 14279955?
3, 5, 951997
What are the prime factors of 11118994?
2, 739, 7523
List the prime factors of 1862376.
2, 3, 73, 1063
List the prime factors of 1760851.
29, 60719
What are the prime factors of 172454?
2, 23, 163
What are the prime factors of 11442343?
11, 17, 43, 1423
What are the prime factors of 2967193?
29, 102317
What are the prime factors of 3835585?
5, 13, 59009
List the prime factors of 1249287.
3, 13, 103, 311
What are the prime factors of 14829515?
5, 2965903
What are the prime factors of 488628?
2, 3, 7, 277
What are the prime factors of 20510149?
11, 1864559
List the prime factors of 194531.
17, 11443
List the prime factors of 15455241.
3, 23, 197, 379
List the prime factors of 352100.
2, 5, 7, 503
What are the prime factors of 8598719?
17, 59, 8573
List the prime factors of 1643197.
1643197
What are the prime factors of 1642435?
5, 263, 1249
What are the prime factors of 1057587?
3, 17, 89, 233
List the prime factors of 789312.
2, 3, 4111
List the prime factors of 18138643.
17, 1066979
What are the prime factors of 558743?
29, 19267
List the prime factors of 27650324.
2, 13, 23, 61, 379
List the prime factors of 563945.
5, 43, 61
What are the prime factors of 175948?
2, 43987
What are the prime factors of 2933025?
3, 5, 39107
What are the prime factors of 9526455?
3, 5, 31, 6829
List the prime factors of 179928.
2, 3, 7, 17
List the prime factors of 12433898.
2, 83, 74903
List the prime factors of 1436642.
2, 718321
List the prime factors of 100771.
11, 9161
What are the prime factors of 23225230?
2, 5, 7, 17, 29, 673
List the prime factors of 5497916.
2, 19, 72341
What are the prime factors of 1930372?
2, 482593
What are the prime factors of 4928617?
43, 61, 1879
List the prime factors of 431629.
11, 39239
List the prime factors of 26104390.
2, 5, 13, 157, 1279
List the prime factors of 26611926.
2, 3, 11, 43, 9377
List the prime factors of 3096884.
2, 7, 110603
What are the prime factors of 142475?
5, 41, 139
List the prime factors of 3884548.
2, 31, 31327
List the prime factors of 446640.
2, 3, 5, 1861
List the prime factors of 19781329.
653, 30293
What are the prime factors of 782392?
2, 13, 7523
What are the prime factors of 2905714?
2, 7, 207551
What are the prime factors of 3774796?
2, 943699
List the prime factors of 2817806.
2, 503, 2801
What are the prime factors of 3343770?
2, 3, 5, 53, 701
What are the prime factors of 422270?
2, 5, 42227
List the prime factors of 1613719.
41, 39359
What are the prime factors of 3129053?
19, 37, 4451
What are the prime factors of 791165?
5, 158233
List the prime factors of 9345321.
3, 19, 18217
What are the prime factors of 1275426?
2, 3, 7873
List the prime factors of 852172.
2, 213043
What are the prime factors of 2996508?
2, 3, 67, 3727
What are the prime factors of 570623?
401, 1423
What are the prime factors of 542401?
542401
List the prime factors of 16069875.
3, 5, 42853
What are the prime factors of 938089?
938089
What are the prime factors of 150921?
3, 41, 409
What are the prime factors of 8020